11?
-88896
Convert -4403044013 (base 5) to base 3.
-122201211111202
Convert 231528 (base 10) to base 3.
102202121010
520730 (base 9) to base 14
80849
Convert -101011000011010 (base 2) to base 11.
-15619
Convert -10431379 (base 10) to base 5.
-10132301004
-4d1877 (base 14) to base 5
-1134430441
What is -823784 (base 13) in base 14?
-590268
10551013 (base 6) to base 3
121112112100
276546 (base 11) to base 2
1101001110001001110
-170015 (base 8) to base 9
-103261
-110645005 (base 7) to base 13
-1507acb
What is -172551 (base 13) in base 4?
-2030300031
Convert -10313b (base 13) to base 6.
-12034251
What is 135214 (base 7) in base 13?
b9b3
What is 131214004 (base 5) in base 9?
1186804
Convert -59aab1 (base 13) to base 15.
-2c342d
What is -72ab2 (base 13) in base 11?
-130985
What is 84888 (base 9) in base 6?
1111512
What is -34513150 (base 6) in base 2?
-100000100100100111010
175461a (base 11) to base 7
34212532
What is 11222101221220 (base 3) in base 13?
7181bb
-2648966 (base 10) to base 15
-374d2b
What is 121617 (base 9) in base 16?
11eba
Convert -2100333010 (base 4) to base 9.
-1104554
Convert -2220200242 (base 5) to base 13.
-100a786
What is 53443240 (base 6) in base 10?
1576680
-21122001220021 (base 3) to base 8
-17362022
Convert -53377 (base 10) to base 3.
-2201012221
What is -32fb (base 16) in base 12?
-7677
What is -1001002200020 (base 3) in base 9?
-1032606
-130364 (base 11) to base 7
-1513566
Convert -3003311 (base 7) to base 10.
-354131
55601 (base 16) to base 2
1010101011000000001
Convert 222211001 (base 4) to base 5.
21040101
1130880 (base 10) to base 15
175120
What is 3100412321 (base 5) in base 14?
b90861
Convert -3344215 (base 6) to base 13.
-5c16b
447074 (base 8) to base 4
210320330
Convert -124120123 (base 5) to base 8.
-2256634
Convert 18ba76 (base 12) to base 16.
6a43a
Convert 1101110101000110010110 (base 2) to base 11.
2056878
Convert 61c548 (base 14) to base 3.
20012121211111
What is -4acd02 (base 16) in base 5?
-2223332041
What is -11120010020021 (base 3) in base 4?
-21033221011
Convert -55501 (base 7) to base 16.
-368e
-144341411 (base 5) to base 9
-1414755
Convert -110100000000110011 (base 2) to base 8.
-640063
Convert 90104 (base 12) to base 8.
554624
Convert -11111010001001100011 (base 2) to base 12.
-414b43
a32b9c (base 14) to base 6
313524502
What is -1111010110001001 (base 2) in base 4?
-33112021
Convert 212035 (base 10) to base 16.
33c43
Convert 1b0b6 (base 12) to base 14.
1076a
102514013 (base 6) to base 8
6726731
Convert 1dbc7 (base 15) to base 9.
157247
-15684353 (base 10) to base 11
-8942983
10101111111011011011 (base 2) to base 12
2a9023
What is -5252425 (base 7) in base 11?
-3a39aa
What is 14b32 (base 13) in base 14?
10437
1014420112 (base 5) to base 14
3cc0a0
What is -22220221200 (base 3) in base 2?
-101010111000100101
What is 34cfd (base 16) in base 13?
775ca
What is -12110100200 (base 3) in base 10?
-107424
What is 1420014435 (base 6) in base 15?
17cd33e
What is -1a1707 (base 12) in base 16?
-700b7
What is -60444062 (base 7) in base 5?
-2241111011
Convert 10101010101001001 (base 2) to base 13.
309c9
Convert 63230 (base 12) to base 7.
1050534
121310051 (base 6) to base 13
62ba4a
Convert 2002111200002 (base 3) to base 14.
20d47b
a147 (base 13) to base 5
1202243
What is 59786 (base 12) in base 5?
12322332
What is -1010011111111101 (base 2) in base 5?
-2334010
-1311323213 (base 4) to base 16
-75ee7
-839b3 (base 16) to base 8
-2034663
Convert -68258 (base 12) to base 15.
-2b0eb
What is 1da5b (base 15) in base 6?
2024152
Convert -33743130 (base 8) to base 3.
-111210011101101
1323221132 (base 5) to base 3
20021110211212
What is fd01e (base 16) in base 6?
34113434
58a01 (base 15) to base 2
1000100111100001000
What is -30892 (base 10) in base 8?
-74254
What is 5bc208 (base 13) in base 7?
24451154
Convert 5455154 (base 6) to base 13.
96a72
-299392 (base 13) to base 4
-3321002002
Convert -60bb2 (base 12) to base 10.
-126134
What is 65232355 (base 7) in base 2?
10101010000001001111001
What is -3442231 (base 8) in base 15?
-1370ca
What is 30110525 (base 6) in base 11?
52aa19
Convert -c02190 (base 13) to base 10.
-4460196
Convert -7521276 (base 9) to base 6.
-222210410
Convert 1058 (base 13) to base 11.
1784
What is -172aa6 (base 15) in base 11?
-6a7724
-20601701 (base 8) to base 12
-1579715
What is 266d (base 14) in base 2?
1101001101001
1010221112000 (base 3) to base 10
609093
-2531033 (base 6) to base 3
-20220222210
-b5a67a (base 15) to base 11
-4972508
-14656215 (base 7) to base 14
-28977c
What is -168009 (base 11) in base 12?
-106256
What is 6641 (base 8) in base 11?
2692
Convert 251101 (base 7) to base 3.
2100010011
a381b (base 14) to base 16
60301
What is 22033100002 (base 4) in base 10?
2683906
14430534 (base 7) to base 3
2120112200210
-b2174 (base 12) to base 8
-704550
5033224 (base 6) to base 15
4a754
31ba9 (base 12) to base 5
4100044
What is 3023345 (base 7) in base 3?
200020101202
Convert -341535013 (base 6) to base 9.
-12674140
Convert -33343122 (base 5) to base 13.
-a37ba
2205562 (base 11) to base 5
1442410202
What is 22134366 (base 7) in base 10?
1907961
What is 25340342 (base 7) in base 12?
928525
-3a5089 (base 14) to base 11
-1154282
Convert 22501605 (base 7) to base 4.
13200033111
Convert -676812 (base 9) to base 8.
-1427406
What is -112112102122 (base 3) in base 8?
-1056602
What is 2520301 (base 7) in base 6?
10541151
Convert -12774532 (base 8) to base 3.
-12102102012101
What is 34032124 (base 5) in base 6?
10224235
What is 764118 (base 9) in base 12?
19b88b
Convert 64364 (base 11) to base 9.
152353
Convert c5a88 (base 15) to base 5.
130024003
Convert 52174 (base 8) to base 5.
1143003
-323023023 (base 5) to base 7
-14462344
94670 (base 13) to base 16
412be
Convert -1023131103 (base 4) to base 2.
-1001011011101010011
-11011110100011010110011 (base 2) to base 6
-420150003
Convert -2315421 (base 6) to base 13.
-42322
-506510 (base 12) to base 6
-42523220
Convert -1000101010100 (base 2) to base 4.
-1011110
What is -72c64a (base 15) in base 13?
-1191874
-cbca42 (base 13) to base 10
-4797795
What is -240164 (base 12) in base 4?
-2031303130
What is 41099 (base 16) in base 12?
10a1b5
Convert 1017124 (base 8) to base 11.
174871
-22121100122 (base 3) to base 16
-295ac
What is -2449183 (base 10) in base 15?
-335a3d
Convert -3304496 (base 10) to base 2.
-1100100110110000110000
Convert -8a91a1 (base 14) to base 15.
-631140
44b040 (base 12) to base 9
2052223
What is -25513b (base 12) in base 13?
-184967
Convert -3507346 (base 8) to base 7.
-11052410
-6ca48 (base 13) to base 3
-101010122011
What is 5777343 (base 8) in base 12?
63a083
-aaa05 (base 13) to base 16
-4b81b
What is 232431 (base 6) in base 11?
14064
Convert -131112300 (base 4) to base 3.
-20002221100
-2020233210 (base 4) to base 7
-4521642
-12042412 (base 5) to base 16
-1b668
Convert -20102323 (base 4) to base 13.
-1260a
-338e8e (base 15) to base 5
-1112212114
Convert -1221121022 (base 3) to base 8.
-112714
1f42 (base 16) to base 3
101222101
183232 (base 10) to base 4
230233000
What is -744984 (base 10) in base 11?
-469799
-5051283 (base 10) to base 4
-103101032103
587715 (base 9) to base 3
122221210112
-20220122001 (base 3) to base 4
-201031312
Convert 1011011110010001100 (base 2) to base 10.
375948
What is -1120240 (base 5) in base 3?
-1000112100
What is 9a290 (base 13) in base 4?
1010032302
1a5a9 (base 15) to base 12
416a3
What is 1000110010111010100001 (base 2) in base 3?
11100010211012
1874217 (base 12) to base 3
100122120200101
Convert -1028c6 (base 13) to base 15.
-76b6b
What is 4210c5 (base 13) in base 7?
16062234
Convert -10000000101101000 (base 2) to base 10.
-65896
-1340202043 (base 6) to base 8
-75776613
Convert 33544122 (base 6) to base 8.
3721362
What is -26159 (base 16) in base 9?
-256875
What is 21121111011001 (base 3) in base 14?
773da1
-2113220 (base 4) to base 3
-111022102
What is -70256 (base 10) in base 4?
-101021300
-104333230 (base 5) to base 6
-13543531
Convert 1638027 (base 10) to base 2.
110001111111010001011
-21200201101 (base 3) to base 4
-210332002
-875105 (base 16) to base 10
-8868101
-1020201202201 (base 3) to base 7
-5433466
What is 122340200 (base 5) in base 2?
10010000000011100010
What is 31a97a (base 15) in base 6?
1224032